149, 251, 293
What are the prime factors of 5230473351?
3, 17, 4093, 25057
List the prime factors of 1418967455.
5, 283793491
What are the prime factors of 21074822?
2, 29, 363359
What are the prime factors of 456771048?
2, 3, 79, 240913
What are the prime factors of 668600418?
2, 3, 111433403
List the prime factors of 3177819513.
3, 11, 41, 260969
What are the prime factors of 31663911?
3, 17, 29, 79, 271
List the prime factors of 2358590.
2, 5, 13, 18143
List the prime factors of 28831897.
41, 703217
What are the prime factors of 67038009?
3, 22346003
What are the prime factors of 179040855?
3, 5, 7, 17, 23, 89
What are the prime factors of 4766923483?
7, 173, 3936353
What are the prime factors of 37474809?
3, 12491603
List the prime factors of 429802034.
2, 214901017
What are the prime factors of 3983080067?
19, 43, 4875251
What are the prime factors of 2106535227?
3, 163, 827, 5209
List the prime factors of 556684231.
61, 89, 102539
List the prime factors of 1344566373.
3, 97, 4620503
List the prime factors of 705066.
2, 3, 117511
What are the prime factors of 26627517?
3, 7, 163, 2593
List the prime factors of 142823679.
3, 47607893
List the prime factors of 40400894.
2, 941, 21467
What are the prime factors of 35342748?
2, 3, 7, 140249
List the prime factors of 143407853.
143407853
What are the prime factors of 743532963?
3, 197, 397, 3169
What are the prime factors of 358541170?
2, 5, 13, 293, 9413
List the prime factors of 1113423702.
2, 3, 47, 3948311
What are the prime factors of 4614204167?
191, 307, 78691
What are the prime factors of 85731128?
2, 7, 1530913
List the prime factors of 105564694.
2, 52782347
List the prime factors of 668762554.
2, 89, 3757093
List the prime factors of 33851482.
2, 7, 67, 151, 239
List the prime factors of 119378048.
2, 53, 17597
What are the prime factors of 28437080?
2, 5, 7, 101561
List the prime factors of 238298956.
2, 7, 131, 9281
What are the prime factors of 3958834?
2, 11, 179947
What are the prime factors of 16850031?
3, 11, 67, 7621
List the prime factors of 3412566146.
2, 11, 14101513
What are the prime factors of 399004208?
2, 24937763
What are the prime factors of 136885043?
103, 1328981
List the prime factors of 156758807.
156758807
What are the prime factors of 335359210?
2, 5, 109, 307669
What are the prime factors of 1611289671?
3, 537096557
What are the prime factors of 8297732?
2, 2074433
What are the prime factors of 2946634328?
2, 11, 23, 1455847
List the prime factors of 6140755725.
3, 5, 13, 17, 370483
List the prime factors of 1264949006.
2, 632474503
What are the prime factors of 245984069?
6661, 36929
What are the prime factors of 103544611?
37, 2798503
List the prime factors of 52900003.
13, 1117, 3643
What are the prime factors of 12396188?
2, 7, 442721
What are the prime factors of 46035076?
2, 11508769
List the prime factors of 465366318.
2, 3, 41, 113, 16741
List the prime factors of 159903997.
11, 61, 238307
What are the prime factors of 1109959346?
2, 23, 967, 24953
What are the prime factors of 45596441?
11, 661, 6271
List the prime factors of 650996333.
13, 50076641
List the prime factors of 124089207.
3, 11, 3760279
List the prime factors of 105317091.
3, 11, 17, 409
List the prime factors of 2934336950.
2, 5, 3821, 15359
List the prime factors of 1164227707.
29, 59, 101, 6737
List the prime factors of 1482187514.
2, 37, 20029561
What are the prime factors of 3333964199?
239, 1103, 12647
List the prime factors of 573160310.
2, 5, 57316031
List the prime factors of 9029408.
2, 19, 14851
What are the prime factors of 269968286?
2, 7, 1483, 13003
What are the prime factors of 296981608?
2, 7, 11, 89, 5417
List the prime factors of 382416647.
382416647
List the prime factors of 424122768.
2, 3, 1237, 2381
List the prime factors of 1239525947.
11, 17, 2113, 3137
List the prime factors of 17452884.
2, 3, 439, 3313
List the prime factors of 991836361.
4783, 207367
List the prime factors of 136646790.
2, 3, 5, 7, 92957
What are the prime factors of 13273280?
2, 5, 41479
List the prime factors of 1654812486.
2, 3, 19, 4838633
What are the prime factors of 326371362?
2, 3, 59, 103, 8951
List the prime factors of 2353300866.
2, 3, 7, 18676991
What are the prime factors of 521978936?
2, 71, 229, 4013
List the prime factors of 7810472967.
3, 11, 139, 1702741
List the prime factors of 6159211300.
2, 5, 11, 79, 70877
List the prime factors of 20001118.
2, 59, 169501
List the prime factors of 206070064.
2, 23, 559973
List the prime factors of 22768471.
11, 2069861
What are the prime factors of 51306685?
5, 2239, 4583
What are the prime factors of 5635075098?
2, 3, 1847, 508489
What are the prime factors of 13038989?
349, 37361
List the prime factors of 102737675.
5, 4109507
List the prime factors of 5541385448.
2, 692673181
What are the prime factors of 457798176?
2, 3, 11, 29, 151
List the prime factors of 1284544048.
2, 80284003
List the prime factors of 41623124.
2, 103, 101027
What are the prime factors of 6487806947?
6487806947
What are the prime factors of 132782590?
2, 5, 29, 457871
What are the prime factors of 29707213?
4783, 6211
What are the prime factors of 117353977?
13, 103, 87643
List the prime factors of 5285650159.
601, 2777, 3167
List the prime factors of 26557203.
3, 23, 557, 691
What are the prime factors of 134846189?
109, 1237121
What are the prime factors of 163732617?
3, 307, 19753
List the prime factors of 668376014.
2, 41, 857, 9511
List the prime factors of 151600342.
2, 29, 193, 467
What are the prime factors of 206434002?
2, 3, 3499, 9833
What are the prime factors of 93877?
7, 13411
What are the prime factors of 1087890131?
2897, 375523
List the prime factors of 17124565.
5, 53, 64621
What are the prime factors of 4340592?
2, 3, 43, 701
List the prime factors of 826462350.
2, 3, 5, 7, 262369
List the prime factors of 585893759.
11, 1637, 32537
What are the prime factors of 360525335?
5, 151, 477517
List the prime factors of 914888069.
914888069
What are the prime factors of 7802397909?
3, 349, 2484049
List the prime factors of 484525053.
3, 53836117
What are the prime factors of 982608601?
13, 75585277
List the prime factors of 303006107.
89, 3404563
List the prime factors of 619577431.
11, 29, 137, 14177
List the prime factors of 44121907.
44121907
What are the prime factors of 1791017946?
2, 3, 151, 219649
What are the prime factors of 50940895?
5, 59, 172681
List the prime factors of 3179521.
37, 85933
What are the prime factors of 559037?
19, 29423
List the prime factors of 272418519.
3, 829, 109537
List the prime factors of 11536063.
7, 11, 233, 643
List the prime factors of 3362256482.
2, 13, 59, 2191823
List the prime factors of 78202037.
78202037
List the prime factors of 69260032.
2, 270547
What are the prime factors of 945693765?
3, 5, 17, 412067
List the prime factors of 276279398.
2, 138139699
What are the prime factors of 41821889?
23, 79, 23017
What are the prime factors of 799120661?
11839, 67499
What are the prime factors of 92515705?
5, 239, 77419
List the prime factors of 839395610.
2, 5, 73, 1149857
List the prime factors of 288040136.
2, 36005017
List the prime factors of 2668882250.
2, 5, 97, 157, 701
List the prime factors of 990253605.
3, 5, 11, 89, 67433
What are the prime factors of 119626014?
2, 3, 19, 55229
What are the prime factors of 738126055?
5, 83, 277, 6421
List the prime factors of 1159377762.
2, 3, 181, 1067567
List the prime factors of 200227019.
191, 1048309
List the prime factors of 2796951991.
2796951991
List the prime factors of 278567677.
278567677
What are the prime factors of 275800967?
13, 21215459
What are the prime factors of 189775561?
4679, 40559
What are the prime factors of 403890118?
2, 83, 107, 22739
List the prime factors of 1062326298.
2, 3, 11, 127, 126739
What are the prime factors of 204841231?
7, 101, 289733
List the prime factors of 28801145.
5, 17, 59, 5743
What are the prime factors of 61328402?
2, 30664201
List the prime factors of 1436990.
2, 5, 143699
List the prime factors of 44737102.
2, 353, 63367
What are the prime factors of 54296545?
5, 10859309
List the prime factors of 31208469.
3, 19, 163, 3359
What are the prime factors of 35926056?
2, 3, 498973
List the prime factors of 1